564?
5
What is the thousands digit of 4189?
4
What is the hundreds digit of 3789?
7
What is the tens digit of 8372?
7
What is the units digit of 3864?
4
What is the ten thousands digit of 13981?
1
What is the units digit of 265?
5
What is the tens digit of 4848?
4
What is the tens digit of 44165?
6
What is the tens digit of 90517?
1
What is the units digit of 18593?
3
What is the units digit of 5134?
4
What is the hundreds digit of 113655?
6
What is the tens digit of 2336?
3
What is the tens digit of 882?
8
What is the ten thousands digit of 58528?
5
What is the units digit of 21310?
0
What is the thousands digit of 3293?
3
What is the tens digit of 1334?
3
What is the ten thousands digit of 47811?
4
What is the hundreds digit of 3214?
2
What is the units digit of 4938?
8
What is the tens digit of 43?
4
What is the ten thousands digit of 63620?
6
What is the thousands digit of 3313?
3
What is the ten thousands digit of 23792?
2
What is the ten thousands digit of 30023?
3
What is the ten thousands digit of 37123?
3
What is the thousands digit of 1939?
1
What is the units digit of 1302?
2
What is the thousands digit of 1409?
1
What is the units digit of 1141?
1
What is the thousands digit of 1845?
1
What is the hundreds digit of 23795?
7
What is the hundreds digit of 1448?
4
What is the ten thousands digit of 18344?
1
What is the hundreds digit of 5115?
1
What is the hundreds digit of 3706?
7
What is the tens digit of 10486?
8
What is the tens digit of 26164?
6
What is the ten thousands digit of 27407?
2
What is the hundreds digit of 3863?
8
What is the hundreds digit of 3591?
5
What is the ten thousands digit of 13072?
1
What is the tens digit of 25551?
5
What is the hundreds digit of 25904?
9
What is the hundreds digit of 323?
3
What is the thousands digit of 19742?
9
What is the ten thousands digit of 102288?
0
What is the tens digit of 1170?
7
What is the units digit of 2995?
5
What is the hundreds digit of 80559?
5
What is the hundreds digit of 226?
2
What is the thousands digit of 12092?
2
What is the hundreds digit of 1688?
6
What is the tens digit of 2174?
7
What is the tens digit of 655?
5
What is the hundreds digit of 11185?
1
What is the units digit of 1070?
0
What is the hundreds digit of 10768?
7
What is the hundreds digit of 15001?
0
What is the hundreds digit of 71409?
4
What is the thousands digit of 6491?
6
What is the units digit of 1418?
8
What is the thousands digit of 46977?
6
What is the hundreds digit of 454?
4
What is the tens digit of 13313?
1
What is the hundreds digit of 1107?
1
What is the units digit of 4985?
5
What is the hundreds digit of 595?
5
What is the ten thousands digit of 63465?
6
What is the thousands digit of 1553?
1
What is the thousands digit of 4530?
4
What is the hundreds digit of 8179?
1
What is the units digit of 2099?
9
What is the units digit of 23252?
2
What is the units digit of 706?
6
What is the units digit of 2637?
7
What is the tens digit of 902?
0
What is the hundreds digit of 52032?
0
What is the thousands digit of 98715?
8
What is the thousands digit of 90758?
0
What is the tens digit of 5108?
0
What is the tens digit of 1348?
4
What is the tens digit of 81624?
2
What is the hundreds digit of 274?
2
What is the hundreds digit of 36044?
0
What is the units digit of 86160?
0
What is the tens digit of 5299?
9
What is the thousands digit of 1796?
1
What is the tens digit of 41784?
8
What is the tens digit of 93?
9
What is the thousands digit of 30063?
0
What is the units digit of 12678?
8
What is the thousands digit of 8629?
8
What is the hundreds digit of 45249?
2
What is the thousands digit of 32518?
2
What is the hundreds digit of 798?
7
What is the tens digit of 39386?
8
What is the hundreds digit of 11027?
0
What is the hundred thousands digit of 102571?
1
What is the thousands digit of 3108?
3
What is the tens digit of 1195?
9
What is the tens digit of 150040?
4
What is the units digit of 12646?
6
What is the hundreds digit of 1211?
2
What is the thousands digit of 1782?
1
What is the units digit of 19915?
5
What is the tens digit of 42984?
8
What is the tens digit of 1350?
5
What is the thousands digit of 8828?
8
What is the tens digit of 8551?
5
What is the units digit of 3845?
5
What is the hundreds digit of 4695?
6
What is the hundreds digit of 7855?
8
What is the thousands digit of 1033?
1
What is the units digit of 725?
5
What is the thousands digit of 8876?
8
What is the hundreds digit of 1592?
5
What is the units digit of 354?
4
What is the units digit of 53173?
3
What is the units digit of 3181?
1
What is the tens digit of 570?
7
What is the tens digit of 4912?
1
What is the hundreds digit of 419?
4
What is the ten thousands digit of 53462?
5
What is the hundreds digit of 2148?
1
What is the units digit of 27742?
2
What is the tens digit of 532?
3
What is the ten thousands digit of 47774?
4
What is the units digit of 790?
0
What is the hundreds digit of 1044?
0
What is the units digit of 2862?
2
What is the units digit of 7063?
3
What is the units digit of 2880?
0
What is the units digit of 16865?
5
What is the units digit of 1294?
4
What is the thousands digit of 3945?
3
What is the ten thousands digit of 51569?
5
What is the tens digit of 24641?
4
What is the thousands digit of 96528?
6
What is the ten thousands digit of 52110?
5
What is the units digit of 12403?
3
What is the units digit of 9866?
6
What is the units digit of 91209?
9
What is the tens digit of 50?
5
What is the thousands digit of 2747?
2
What is the units digit of 81551?
1
What is the tens digit of 3239?
3
What is the units digit of 49424?
4
What is the units digit of 3164?
4
What is the ten thousands digit of 36506?
3
What is the ten thousands digit of 10744?
1
What is the thousands digit of 10667?
0
What is the tens digit of 1462?
6
What is the hundreds digit of 973?
9
What is the ten thousands digit of 22992?
2
What is the tens digit of 5944?
4
What is the hundreds digit of 2919?
9
What is the thousands digit of 28020?
8
What is the hundreds digit of 366?
3
What is the hundred thousands digit of 101952?
1
What is the hundreds digit of 200?
2
What is the tens digit of 2923?
2
What is the tens digit of 21216?
1
What is the thousands digit of 18522?
8
What is the units digit of 949?
9
What is the thousands digit of 4078?
4
What is the units digit of 3577?
7
What is the hundred thousands digit of 115468?
1
What is the units digit of 20718?
8
What is the tens digit of 4703?
0
What is the units digit of 4091?
1
What is the tens digit of 21998?
9
What is the tens digit of 13529?
2
What is the ten thousands digit of 10425?
1
What is the tens digit of 2286?
8
What is the ten thousands digit of 16290?
1
What is the units digit of 116801?
1
What is the tens digit of 6259?
5
What is the tens digit of 68800?
0
What is the units digit of 10245?
5
What is the hundreds digit of 13662?
6
What is the tens digit of 638?
3
What is the tens digit of 3459?
5
What is the tens digit of 1195?
9
What is the tens digit of 274?
7
What is the units digit of 773?
3
What is the tens digit of 33051?
5
What is the thousands digit of 1613?
1
What is the thousands digit of 19504?
9
What is the units digit of 133?
3
What is the hundreds digit of 7770?
7
What is the hundreds digit of 4148?
1
What is the hundreds digit of 418?
4
What is the tens digit of 7541?
4
What is the thousands digit of 60558?
0
What is the tens digit of 2389?
8
What is the hundreds digit of 4951?
9
What is the hundreds digit of 651?
6
What is the units digit of 413?
3
What is the hundreds digit of 425?
4
What is the tens digit of 7162?
6
What is the units digit of 164?
4
What is the ten thousands digit of 34377?
3
What is the tens digit of 887?
8
What is the thousands digit of 13056?
3
What is the hundreds digit of 40675?
6
What is the tens digit of 313?
1
What is the units digit of 1875?
5
What is the hundreds digit of 103665?
6
What is the hundreds digit of 4356?
3
What is the hundreds digit of 41458?
4
What is the tens digit of 92?
9
What is the hundreds digit of 1226?
2
What is the tens digit of 516?
1
What is the hundreds digit of 8765?
7
What is the hundreds digit of 2724?
7
What is the thousands digit of 1563?
1
What is the units digit of 4851?
1
What is the